 28*n + 37. Suppose -864 = -230*j + 1896. Determine z(j).
-11
Let c(v) = v**2 - 6*v + 11. Let w be c(5). Suppose -8 - 4 = -w*l. Suppose 3*z - 25 = 6*z + s, -3*z - l*s = 29. Let a(n) = n**2 + 7*n + 7. What is a(z)?
7
Let u(z) = z**3 - 45*z**2 - 144*z - 5. Let o be u(-3). Let y(d) be the third derivative of d**5/60 + d**4/3 + 5*d**3/6 - d**2. Calculate y(o).
-10
Let r = 16 + -22. Let y(o) = -6*o - 16. Let p(x) = 3508*x - 3507*x + 6 - 3. Let m(u) = 22*p(u) + 4*y(u). Calculate m(r).
14
Let u(w) = -103*w**3 - 46*w**3 + 7*w + 7*w**2 + 151*w**3 + 3. Calculate u(-2).
1
Let m(y) = y**3 - y**2 - 4*y + 3. Let h = 186 - 169. Suppose 1 = -h*q + 52. What is m(q)?
9
Let o(q) = -q + 1. Let d(l) be the first derivative of -5*l**2/2 + 4*l - 19. Let m(g) = d(g) - 2*o(g). Determine m(-10).
32
Let t(a) = a**2 + 15*a - 190. Let o be t(8). Let n(d) = 4*d**3 + 6 + d - 5*d**3 - 1 + 8*d - 4*d**2. Calculate n(o).
23
Suppose -66*z + 7*z + 273*z = 0. Let f(w) be the second derivative of 1/20*w**5 + z - 4/3*w**3 + 7/12*w**4 + 15*w + 4*w**2. Give f(-8).
8
Suppose 0 = -40*z + 44*z - 44. Suppose 5*v = z + 9. Let o be -1 - (v + (-4 - 0)). Let x(r) = -3*r. Give x(o).
3
Let h be (-2 - 23) + -74 + 83. Let q(i) = 3*i + 67. Calculate q(h).
19
Let v(p) = -p**2 - 7 + 10213*p - 12 - 10221*p. Determine v(-8).
-19
Let h(x) = 4*x**3 - 50*x**2 - 24*x - 14. Let d be h(13). Let m(r) = 10*r - d + 3 - r - 7*r. Determine m(7).
5
Let r be (1230/50 - 24)/((-9)/(-60)). Let s(x) = 7*x - 25. Give s(r).
3
Let t(b) be the first derivative of b**4/4 - 5*b**3/3 + b**2/2 - 3*b + 3215. Suppose -5*i = -5*q - 50, -8*i - 3*q = -3*i - 58. Let d = -6 + i. Give t(d).
2
Let v(y) be the second derivative of -y**4/12 + y**3/3 - 6*y**2 + 1728*y. What is v(0)?
-12
Let c(i) = -5*i**2 - 19*i + 27. Let o(n) = n**2 + 2*n - 1. Let x(f) = -c(f) - 4*o(f). What is x(0)?
-23
Suppose 885 = -4*l + 19*l + 855. Let p(n) = 26*n - 47. What is p(l)?
5
Let y(i) = i**3 + 20*i**2 + 41*i + 75. Let l be y(-18). Let d(k) = -k**3 - 14*k**2 + 16*k - 15. Determine d(l).
-30
Let v(t) = -11*t**2 + 70*t - 117. Let j(q) = 4*q**2 - 24*q + 38. Let s(z) = 8*j(z) + 3*v(z). Calculate s(14).
9
Suppose 7 = 11*a - 37. Suppose 5*l = r + 8, -4*r + 5*l - a = -r. Let x(h) = -9*h**2 + 3 - 3*h + 9*h**2 - h**r. Determine x(3).
-15
Let z(f) = 2*f + 1 - 4 + f + 5*f**2. Suppose 341*h = 346*h - 10. Calculate z(h).
23
Let n(k) = -13*k - 12. Suppose 14*d - 48 = -2*d. What is n(d)?
-51
Let s(o) be the third derivative of -o**5/12 + 7*o**4/24 + 2*o**3/3 - 83*o**2. Let f(q) = 2*q**2. Let h(i) = -4*f(i) - s(i). Calculate h(-2).
-2
Suppose -40*i + 28 = -5*o - 39*i, 0 = -3*o - 4*i + 20. Let v(l) = 7*l + 22. Give v(o).
-6
Suppose 10 = -5*h + 4*f, h - 3*f = 2*f - 23. Suppose h*w = 5*w. Let r(s) = 8*s + w - 10*s - 1. Give r(4).
-9
Suppose -l = -7 - 1. Let r(f) be the second derivative of f**5/20 - 7*f**4/12 - 4*f**3/3 - f**2/2 + 609*f. Give r(l).
-1
Let o(u) = -24789*u**2 + 32 + 8 + 10*u + 24785*u**2. Determine o(5).
-10
Let n = -18212 + 18206. Let c(d) = -d**2 + 2*d - 6. What is c(n)?
-54
Let l(k) be the first derivative of -25*k**2/2 + 8*k - 513. What is l(1)?
-17
Let c(s) be the first derivative of -12*s + 1/4*s**4 + 20/3*s**3 - 1/2*s**2 + 117. Give c(-20).
8
Let h = -31 - -31. Let j be h*(4/4 + -2). Suppose j*r = -7*r + 21. Let q(c) = c**3 - 3*c**2 - 3*c - 2. Calculate q(r).
-11
Let d(c) = -5*c + 46*c**3 - 68*c**3 - 87 + 18*c + 21*c**3 - 9*c**2 + 86. Suppose 3*b + 55 - 21 = 2*t, 12 = -2*b - 4*t. Calculate d(b).
-31
Let f(l) = -2*l**2 + 18*l - 14. Suppose 9*i - 3*i - 48 = 0. Let s be f(i). Let r(d) = 8*d - 6*d - s*d + d. What is r(2)?
2
Let m(t) = 2*t**2 + 45*t + 36. Let d(x) = x**2 + 22*x + 18. Let c(u) = -13*d(u) + 6*m(u). Let z = -47 - -33. Give c(z).
10
Let a = 856 - 856. Let q(v) be the second derivative of 1/2*v**4 + 7*v + 2/3*v**3 + 0 - 1/20*v**5 + a*v**2. What is q(7)?
-21
Let c(v) = 11*v + 39. Suppose 41*t + 52 = -143 + 31. Calculate c(t).
-5
Suppose 5*a + 24 = -4*g, -5*g + 11 = 17*a - 21*a. Let d(u) = 9*u - 2. What is d(a)?
-38
Let w(f) = -2*f**3 + 5*f**2 - 3*f + 4. Suppose 0 = -16*o + 6*o + 40. Let m be w(o). Let d = 56 + m. Let t(r) = -r - 11. Determine t(d).
-11
Let k(h) be the second derivative of -5/6*h**3 + 21*h - 5/24*h**4 + 1/120*h**5 + 0 + 0*h**2. Let r(t) be the second derivative of k(t). Calculate r(4).
-1
Suppose 0 = -30*y - 268 - 65 + 63. Let f(u) = 9*u - 42. Give f(y).
-123
Let r(a) = -88*a - 12 - 6 - 108*a + 178*a - 8. Determine r(-5).
64
Let q(t) be the first derivative of -2*t**3/3 + 6*t**2 + 6*t + 188. What is q(6)?
6
Let p(i) = 2*i - 4. Let h(f) = -3*f**3 + 21*f**2 + 13*f - 91. Let n be h(7). Determine p(n).
-4
Let t(j) be the first derivative of -j**3/6 - j**2/2 + 142*j - 349. Let x(i) be the first derivative of t(i). Let k be (1/2)/(1/(-12)). Calculate x(k).
5
Let k be (-1 + 1)/(0 + 1). Let l = 424 - 424. Let g(b) = 3 + 0*b + l*b - 2*b + b. What is g(k)?
3
Let x = -5031 - -5015. Let m(p) = -p**3 - 15*p**2 + 16*p + 6. Give m(x).
6
Let v(t) be the first derivative of t**4/4 - t**3/3 - t**2/2 - 7*t - 1. Suppose -31 = -6*r - 1. Suppose r*s - 16 = 12*h - 8*h, -5*s + 5*h = -20. What is v(s)?
-7
Let w be (1/(-4))/(29/29*1/(-16)). Let r(a) = -2*a**2 - 8*a + 15. What is r(w)?
-49
Let y(k) = 7*k + 184. Let g(l) = -5*l**2 - 49*l + 167. Let o be g(3). Calculate y(o).
9
Let p(q) be the second derivative of 2/3*q**3 + 0 + 1/2*q**2 - 114*q. Give p(-3).
-11
Let x(a) = -19*a + 340. Let i be x(18). Let g(l) be the third derivative of -l**4/24 + 2*l**3/3 + 9*l**2. Give g(i).
6
Let x(p) = p**3 + 16*p**2 - 16*p - 2. Let a be -30 - (-2 - 13 - -2). Give x(a).
-19
Let h = -105 - -107. Let n(y) = y + 1 + 6*y**3 + 0*y**2 + 2*y**h - 7*y**3 + 2*y**2. Let o be (5 + -3)/(-4)*-8. Determine n(o).
5
Suppose v = 2*v + 5. Suppose 0 = 31*s - 26*s - 5. Let b(x) = 1 + s + 169*x - 3 - 171*x. Give b(v).
9
Let v(a) = -5*a - 30. Let t = 9602 - 9609. Determine v(t).
5
Let r(m) = 118*m**2 - 4. Let w(u) = 127*u**2 - 5. Let c(x) = 6*r(x) - 5*w(x). Determine c(1).
74
Suppose -5*c = -5*i - 10, 0 = -5*c + 2*i - 1 + 8. Let o = c - 5. Let n(w) = -35*w + 34*w - 8 + 0. What is n(o)?
-4
Let f(i) = 203694976*i + 3*i**2 - 3 - 4*i**2 - 203694979*i. Let z be 0/2 + 1 + -1. Suppose -3*q = -z + 9. Calculate f(q).
-3
Let y(o) = o**2 - 4*o + 2. Let r = 48 + -36. Suppose -p + 2 = -4. Suppose r = 10*a - p*a. Give y(a).
-1
Let c(s) = s**3 - 36*s**2 - 36*s - 37. Let h = -11656 + 11693. What is c(h)?
0
Let f(x) = 320*x - 74. Let b(c) = 352*c - 75. Let k(w) = -9*b(w) + 10*f(w). What is k(2)?
-1
Let i(m) = 8 + 541*m - 304*m - 236*m. Suppose 2*x + 11 = -d, -2*x + 9 = -3*d - 56. Let o = d + 11. Give i(o).
0
Let c(w) = 19*w - 238. Let l(v) = -425*v**2 - 855*v + 1. Let g be l(-2). Give c(g).
-29
Let c(i) = 59*i**2 + 218*i - 117. Let s(d) = -14*d**2 - 53*d + 29. Let r(v) = -4*c(v) - 17*s(v). What is r(-15)?
-10
Let c = 15728 + -15737. Let l(m) = -12 - 8*m**2 + 3*m - m**3 + 3*m + 0*m**3. Determine l(c).
15
Suppose 71*r - 81 = 160 + 43. Let s(f) be the second derivative of -1/6*f**3 - 1/12*f**r + 9/2*f**2 + 0 + 10*f. Calculate s(0).
9
Let m(k) = -k - 9. Let r(c) = 7*c - 37. Let u be r(6). Suppose -3*j - 19 = -2*j - u*h, 2*j - 4*h + 8 = 0. Let y be 4/j - (24/9)/4. Calculate m(y).
-9
Let y = -4 - 0. Let j(h) = -13*h**3 - 6*h**2 + 25*h**3 - 11*h**3 - 5*h - 19*h**3 + 17*h**3. Calculate j(y).
-12
Let h = -195 + 255. Suppose 3*r - h = 5*b - 0*b, b = 5*r - 12. Let m(j) = j**2 + 12*j - 13. Give m(b).
-13
Let t = -10227 + 10257. Let i(w) = w**2 - 32*w + 42. Give i(t).
-18
Let u(b) = -16*b**2 - 2*b - 21. Let j(l) = 10 - 26*l**2 + 15*l**2 + l + 18*l**2. Let g(r) = 9*j(r) + 4*u(r). What is g(5)?
-14
Let c(f) = 14*f**3 + 9 - 5*f**2 + 8 + 5*f**2 - 15*f**3. What is c(0)?
17
Let u(p) = -1226 + 2390 + p**2 - 1217 + 11*p + p + 9*p. What is u(-20)?
-73
Let y(p) = 5*p**2 - 15*p - 23. Let x(o) = o**2 - 4*o - 6. Suppose 37*d + 6 = 40*d. Let k(a) = d*y(a) - 9*x(a). What is k(-8)?
24
Let o(n) = -1 + n**2 - 7*n + 5 + 1. Let a = 196 - 190. Calculate o(a).
-1
Let s = 242 + -232. Let h(n) = -6 + 8*n - s*n + 3. What is h(-2)?
1
Let k(a) be the first derivative of a**4/4 - a**3/3 - 3*a**2/2 - 3*a + 95. Let p be 1/(-1) + -6 + 10. What is k(p)?
6
Let o(h) = 2*h - 1. Let c(t) = -17*t + 71. Let d(g) = -c(g) - 2*o(g). Let j(l) = 6*l - 33. Let n